of r?
1
Let u = 11 + -7. Suppose -6*l - 6 = -u*l. Let f(x) = 7*x**2 - x - 7. What is the units digit of f(l)?
9
Suppose -3*y - 86208 = -3*c, c - 17322 = 4*y + 11429. What is the thousands digit of c?
8
Let b(l) = -l**3 - 20*l**2 + 32*l - 41. Let q be b(-14). What is the tens digit of 8/2 + q/(-15)?
1
Let r = 12701 + -7142. What is the thousands digit of r?
5
Let z = -40 + 22. Let g(k) = 21 + 2*k**2 - 8 - 35 + 414*k - 396*k. What is the hundreds digit of g(z)?
3
Let l(v) = -v**3 + 41*v**2 + 7. Let p be l(41). What is the hundreds digit of (p + 1)*-4*2922/(-48)?
9
Suppose -2*c = -0*c + 3*x - 1062, -x + 2124 = 4*c. Suppose 3*z = -c + 24. Let m = 278 + z. What is the units digit of m?
9
Suppose -165*r - 3783 = -3*q - 161*r, 0 = 2*q - 2*r - 2522. What is the thousands digit of q?
1
Suppose -47 + 30 = -17*m. What is the tens digit of (-7 - 315)/((-1 + -1)*m)?
6
What is the thousands digit of (-8 - -6)*((-1 - 7820) + 7)?
5
Suppose 3*b + 4*p = b + 1622, -3*b + 2421 = 2*p. Let m = b + 353. What is the hundreds digit of m?
1
Let h = -14 + 4. Suppose -3*a + 7 = 2*f, 9*f - 4*f - 26 = a. What is the tens digit of (-2)/((h/(-245))/a)?
4
Let o(l) = -2*l**3 + 3*l**2 - 8*l + 13. Let p = -109 + 104. What is the units digit of o(p)?
8
Suppose 7*c = 9*c + 3*q + 1, 0 = -3*c - 3*q - 6. Let a(t) = 36*t**2 - t + 9. What is the units digit of a(c)?
4
Let u(f) = -8*f - 86. Let y be u(-11). Suppose -5*s + 3640 = -0*s - y*t, -5*t + 701 = s. What is the tens digit of s?
2
Let s = 114 + -110. Suppose -4*t - f + 3*f = -500, -s*t - f + 488 = 0. What is the units digit of 1/((-1)/t*-3)?
1
Let d be (-4 - (0 + 20)/(-5)) + 2. Suppose 0 = 5*h - 9*h + p + 2095, -h + d*p + 529 = 0. What is the tens digit of h?
2
Let q = -102 + 152. Let f = q + -46. Suppose -f*i + 118 = -3*i - 3*m, 3*m = 4*i - 472. What is the hundreds digit of i?
1
Suppose 0 = -4*l + 2*h + 81294, -3*l - 50*h + 45*h = -60951. What is the thousands digit of l?
0
Let u(m) = 9*m**2 + 6*m + 12. Let f be ((-6)/6)/((-3)/(-18)). Let a(j) = -j**3 - 7*j**2 - 6*j - 3. Let w be a(f). What is the units digit of u(w)?
5
What is the tens digit of ((-17438)/10*110/(-44))/(10/20)?
1
Suppose 1224 = 12*n - 1634 - 4834. What is the tens digit of n?
4
Suppose 7*x = 3416 + 7525. What is the hundreds digit of x?
5
What is the tens digit of 5 - (175 - 1)/((-99)/6798)?
5
Suppose -18*d = b - 13*d - 82, -4*b + 286 = -d. What is the tens digit of 5/((-15)/b)*124/(-8)?
7
Let b(s) be the first derivative of -30*s**2 - 3*s - 14. Let u be b(4). Let t = -58 - u. What is the hundreds digit of t?
1
Suppose -5*i = 1 - 1. Suppose 6*d + 2*d - 4*d = i. Suppose g - 2*a = 0, -5*g - a = -d*g - 44. What is the units digit of g?
8
Let q = -21 - -24. Suppose 1159 = 5*m + q*f, 7*m - 2*f - 1144 = 2*m. What is the tens digit of m?
3
Let d = 17085 - 16922. What is the tens digit of d?
6
What is the hundreds digit of 15/(-25) - 12/24*552984/(-20)?
8
Let d(l) = -l**2 + 6*l. Let v(n) be the third derivative of n**6/20 - n**4/8 + n**3/3 + 21*n**2. Let s be v(1). What is the units digit of d(s)?
5
Let l = 1126 - 188. Suppose -5*w + 959 = 4*f, -2*f + 2*w = 2*f - l. What is the hundreds digit of f?
2
Suppose 7*c = -6*c - 6*c. Suppose 3*v = 4*p + 54, c = 3*v + 4*p - 27 - 3. What is the units digit of v?
4
Let d be 159/(-53) + 1*(-15)/(-1). Let k be (-3)/d + 84/16. Suppose -k*z = -f + 3*f - 830, 2*z - 3*f = 351. What is the hundreds digit of z?
1
Let b(d) = -3*d + 22. Let k be b(5). Suppose -3*x - 8 = -k*x. Suppose 4*f = -2*r + 400, -r - 309 = -3*f + x*r. What is the tens digit of f?
0
Suppose 0 = t + h + 4, 0*t + 5*h = 4*t + 16. Let q = 20 + t. What is the tens digit of (-1 + q)*(9 + 6)?
2
Suppose 5*a + 5*q - 33095 = 0, 62*a - 59*a - 19855 = -5*q. What is the thousands digit of a?
6
Let k be ((-17)/(-34))/((-1)/12). Let q be 3/(k/(-5))*2. Suppose 0 = 2*g - q*x - 34, -5*g - 2*x = -97 + 12. What is the units digit of g?
7
Let u be (1 - (-2 - -21))*(-1)/(-2). Let i be (1 - 3/u)*(-261)/6. Let q = 104 + i. What is the units digit of q?
6
Let r be (-421 - -7)/(1/(-2)). Suppose -15*k = -252 - r. What is the units digit of k?
2
Let v be (188/(-8))/((-5)/10). Suppose -v*n + 44*n + 216 = 0. What is the units digit of (-9)/n - (2211/8)/(-3)?
2
Suppose -k + 5798 = n, 9*k = 11*k. What is the tens digit of n?
9
Suppose -4*i = f + 1, 2*i + 2 = 8*f - 10*f. Let t = f - -534. What is the hundreds digit of t?
5
Let l(o) = 17*o**2 - 7*o - 25. Let v(p) = 14*p**2 - 8*p - 25. Let g(z) = -4*l(z) + 5*v(z). What is the units digit of g(8)?
7
Let j(m) = -m**3 + 26*m**2 - 41*m - 6. Let i be j(24). Let w = 439 - i. What is the tens digit of w?
7
Let h(v) be the third derivative of -19*v**4/24 + 38*v**3/3 - v**2 - 2*v. What is the tens digit of h(-12)?
0
Let b be (1 + -4 - 1) + -2. Let u be (2/(-4)*-20)/(b/249). What is the units digit of (-3 + u/(-25))/((-3)/(-15))?
8
Suppose 2*q + q = -2*m + 24, -27 = -2*q - 5*m. Let l(g) = 65*g - 17. What is the tens digit of l(q)?
7
Let h = 263 + -55. Suppose -3*y + h = 5*w - 3*w, 0 = -4*y + 4*w + 284. Let m = y + 74. What is the tens digit of m?
4
Let a(r) be the second derivative of -r**5/20 - r**4/4 - 7*r**3/6 - 9*r**2/2 - 137*r + 2. What is the hundreds digit of a(-8)?
3
Let u = 933 + 7434. What is the thousands digit of u?
8
Let g(j) = j**3 - 22*j**2 + 3*j - 9. Let c = 3 + -3. Suppose -88 = -4*b - c*b. What is the units digit of g(b)?
7
What is the units digit of (-401895)/(-20) - (34/8*-1 + 4)?
5
Suppose 5*v = 4*o + 31, -2*v + 4*o = -4*v + 18. Let l be (4 + (-6)/2)*v. Suppose -306 = t - l*t. What is the tens digit of t?
5
Suppose r + 27056 = 3*x, -15*x + 2*r + 45094 = -10*x. What is the thousands digit of x?
9
Let h(z) = 5*z**2 - 3. Let r(l) be the first derivative of -l**3 + l - 11. Let n(o) = -6*h(o) - 11*r(o). What is the units digit of n(5)?
2
Let z be 3/8 - (-14202)/16. What is the units digit of (4 - z/15)/((-6)/40)?
8
Let u = 2622 + 4062. What is the units digit of u?
4
Suppose -16*x + 22*x + b = 3214, 1058 = 2*x - 3*b. What is the tens digit of x?
3
Let o(g) = -g**2 + 14*g + 1. Let z be o(14). Let r be (1 - z) + (-4 - -8). Suppose d - 220 = -r*d. What is the tens digit of d?
4
Let m(n) be the third derivative of 11*n**5/60 - 11*n**4/24 + 49*n**3/6 + 59*n**2. What is the hundreds digit of m(7)?
5
Suppose 120 = -13*m + 29. Let u(i) = -106*i + 98. What is the hundreds digit of u(m)?
8
Suppose -4*i + 9*i = 1550. Let r(l) = -23*l - 4. Let w be r(7). Let b = i + w. What is the units digit of b?
5
Suppose -71406 = -9808*t + 9807*t - 5*l, t = -2*l + 71382. What is the thousands digit of t?
1
Let y(j) = 1926*j - 7659. What is the thousands digit of y(14)?
9
Let p be (50/(-3))/((-8)/144) + 0. Let s = -112 + p. What is the tens digit of s?
8
Let k(o) be the first derivative of o**5/60 + 7*o**4/24 + 19*o**2/2 - 3. Let h(n) be the second derivative of k(n). What is the units digit of h(-8)?
8
Let k = 53 + -42. Let s = -4 + k. What is the units digit of 53 - (s/(14/(-4)) + -2)?
7
Suppose -p + 9 = 49. What is the tens digit of (5430/p)/((-3)/4)?
8
Let x be 0/((76/95)/(2/(-5))). Suppose 8*g - 568 - 960 = x. What is the units digit of g?
1
Let h(o) be the first derivative of 79*o**2/2 + 16*o + 58. What is the hundreds digit of h(3)?
2
Suppose 0 = 7*w - 0*w - 2380. Let b = w - 112. What is the units digit of b?
8
Suppose 3*j = 5*v - 3*v - 92, -5*j = v - 20. Suppose 0 = 5*r - 2*q + 78, -4*q - v = -r + 5*r. What is the tens digit of ((-72)/r)/(6/42)*3?
0
Suppose -7*f = -12*f - 5*t + 405, 0 = 5*f + 2*t - 405. Let x be 2/13 - 2022/(-39). Let a = f + x. What is the units digit of a?
3
Let s = -17 - -11. Let j(x) = -109*x - 234. What is the tens digit of j(s)?
2
Suppose 5*c - 1757 = 4*p, -c - 3*c - 1784 = 4*p. Let r = p - -666. What is the hundreds digit of r?
2
Suppose 4*h + 3*c = 176, -88 = -2*h - 5*c - 0*c. Suppose 0 = 3*m - 73 - h. What is the units digit of m?
9
Suppose -4*t = u - 1892, -4*t = -9*t - 5. Suppose -r = -5*r - 5*n + u, -r - n = -474. Suppose -2*w + r = 4*x, 2*x - 4*w - 257 = -w. What is the tens digit of x?
2
Let j be ((-1)/1)/((-11)/(-33)). Let i = 10 - j. What is the tens digit of (i - -3)/((-3)/(-18))?
9
What is the tens digit of -4 - (11 + -72329)/6?
4
Let m = -555 - -555. Suppose -3*t - 5*f + 462 = 0, -3*t + m*t - 2*f = -453. What is the tens di